{"id":3868,"date":"2019-12-29T18:25:55","date_gmt":"2019-12-29T18:25:55","guid":{"rendered":"https:\/\/micielo.es\/architecture\/"},"modified":"2022-02-10T11:40:59","modified_gmt":"2022-02-10T11:40:59","slug":"architecture","status":"publish","type":"page","link":"https:\/\/micielo.es\/fr\/architecture\/","title":{"rendered":"architecture"},"content":{"rendered":"\n<p style=\"background-color:#ecf0a3;color:#516d03;font-size:32px;\" class=\"has-text-color has-background wp-block-paragraph\"><strong><em>architecture et construction<\/em><\/strong><\/p>\n\n<p class=\"wp-block-paragraph\"><br\/>Nos cabanes dans les arbres sont construites \u00e0 partir de mat\u00e9riaux naturels. Le design, les mat\u00e9riaux et les dimensions ont \u00e9t\u00e9 adapt\u00e9s \u00e0 l&rsquo;environnement. L&rsquo;intervention dans la nature est r\u00e9duite au minimum. <\/p>\n\n<figure class=\"wp-block-image size-large\"><img data-recalc-dims=\"1\" loading=\"lazy\" decoding=\"async\" width=\"700\" height=\"464\" src=\"https:\/\/i0.wp.com\/micielo.es\/wp-content\/uploads\/2019\/12\/7ab05-baumhc3a4user_vorne.jpg?resize=700%2C464&#038;ssl=1\" alt=\"\" class=\"wp-image-1420\" srcset=\"https:\/\/i0.wp.com\/micielo.es\/wp-content\/uploads\/2019\/12\/7ab05-baumhc3a4user_vorne.jpg?w=4928&amp;ssl=1 4928w, https:\/\/i0.wp.com\/micielo.es\/wp-content\/uploads\/2019\/12\/7ab05-baumhc3a4user_vorne.jpg?resize=300%2C199&amp;ssl=1 300w, https:\/\/i0.wp.com\/micielo.es\/wp-content\/uploads\/2019\/12\/7ab05-baumhc3a4user_vorne.jpg?resize=1024%2C678&amp;ssl=1 1024w, https:\/\/i0.wp.com\/micielo.es\/wp-content\/uploads\/2019\/12\/7ab05-baumhc3a4user_vorne.jpg?resize=768%2C509&amp;ssl=1 768w, https:\/\/i0.wp.com\/micielo.es\/wp-content\/uploads\/2019\/12\/7ab05-baumhc3a4user_vorne.jpg?resize=1536%2C1017&amp;ssl=1 1536w, https:\/\/i0.wp.com\/micielo.es\/wp-content\/uploads\/2019\/12\/7ab05-baumhc3a4user_vorne.jpg?resize=2048%2C1356&amp;ssl=1 2048w, https:\/\/i0.wp.com\/micielo.es\/wp-content\/uploads\/2019\/12\/7ab05-baumhc3a4user_vorne.jpg?resize=1200%2C795&amp;ssl=1 1200w, https:\/\/i0.wp.com\/micielo.es\/wp-content\/uploads\/2019\/12\/7ab05-baumhc3a4user_vorne.jpg?resize=1980%2C1311&amp;ssl=1 1980w, https:\/\/i0.wp.com\/micielo.es\/wp-content\/uploads\/2019\/12\/7ab05-baumhc3a4user_vorne.jpg?w=1400&amp;ssl=1 1400w, https:\/\/i0.wp.com\/micielo.es\/wp-content\/uploads\/2019\/12\/7ab05-baumhc3a4user_vorne.jpg?w=2100&amp;ssl=1 2100w\" sizes=\"auto, (max-width: 700px) 100vw, 700px\" \/><\/figure>\n<p class=\"wp-block-paragraph\">Les mat\u00e9riaux utilis\u00e9s proviennent majoritairement de la r\u00e9gion ou de production certifi\u00e9e.<br\/>L&rsquo;\u00e9lectricit\u00e9 pour les cabanes dans les arbres provient du soleil (syst\u00e8me photovolta\u00efque), de l&rsquo;eau du puits de 60 m de profondeur. L&rsquo;ensemble du projet est autonome en \u00e9nergie.<\/p>\n\n<figure class=\"wp-block-image size-large\"><img data-recalc-dims=\"1\" loading=\"lazy\" decoding=\"async\" width=\"700\" height=\"525\" src=\"https:\/\/i0.wp.com\/micielo.es\/wp-content\/uploads\/2019\/12\/2bce9-img-20191025-wa0019.jpg?resize=700%2C525&#038;ssl=1\" alt=\"\" class=\"wp-image-1439\" srcset=\"https:\/\/i0.wp.com\/micielo.es\/wp-content\/uploads\/2019\/12\/2bce9-img-20191025-wa0019.jpg?w=1600&amp;ssl=1 1600w, https:\/\/i0.wp.com\/micielo.es\/wp-content\/uploads\/2019\/12\/2bce9-img-20191025-wa0019.jpg?resize=300%2C225&amp;ssl=1 300w, https:\/\/i0.wp.com\/micielo.es\/wp-content\/uploads\/2019\/12\/2bce9-img-20191025-wa0019.jpg?resize=1024%2C768&amp;ssl=1 1024w, https:\/\/i0.wp.com\/micielo.es\/wp-content\/uploads\/2019\/12\/2bce9-img-20191025-wa0019.jpg?resize=768%2C576&amp;ssl=1 768w, https:\/\/i0.wp.com\/micielo.es\/wp-content\/uploads\/2019\/12\/2bce9-img-20191025-wa0019.jpg?resize=1536%2C1152&amp;ssl=1 1536w, https:\/\/i0.wp.com\/micielo.es\/wp-content\/uploads\/2019\/12\/2bce9-img-20191025-wa0019.jpg?resize=1200%2C900&amp;ssl=1 1200w, https:\/\/i0.wp.com\/micielo.es\/wp-content\/uploads\/2019\/12\/2bce9-img-20191025-wa0019.jpg?resize=800%2C600&amp;ssl=1 800w, https:\/\/i0.wp.com\/micielo.es\/wp-content\/uploads\/2019\/12\/2bce9-img-20191025-wa0019.jpg?resize=400%2C300&amp;ssl=1 400w, https:\/\/i0.wp.com\/micielo.es\/wp-content\/uploads\/2019\/12\/2bce9-img-20191025-wa0019.jpg?resize=200%2C150&amp;ssl=1 200w, https:\/\/i0.wp.com\/micielo.es\/wp-content\/uploads\/2019\/12\/2bce9-img-20191025-wa0019.jpg?w=1400&amp;ssl=1 1400w\" sizes=\"auto, (max-width: 700px) 100vw, 700px\" \/><\/figure>\n<p class=\"wp-block-paragraph\">Nous avons travaill\u00e9 exclusivement avec des artisans locaux. Lors de l&rsquo;ameublement et de l&rsquo;ameublement, une attention particuli\u00e8re a \u00e9t\u00e9 port\u00e9e aux mat\u00e9riaux locaux et non toxiques.<\/p>\n\n<p class=\"wp-block-paragraph\">Tous les b\u00e2timents sont \u00e9troitement li\u00e9s \u00e0 l&rsquo;espace ext\u00e9rieur, ce qui signifie que la nature environnante peut \u00eatre ressentie. Des fen\u00eatres surdimensionn\u00e9es, \u00e0 double vitrage et sans peinture assurent un meilleur \u00e9change d&rsquo;air dans les pi\u00e8ces.<\/p>\n\n<p class=\"wp-block-paragraph\">Un objectif important de miCielo est d&rsquo;\u00e9conomiser de l&rsquo;\u00e9nergie et d&rsquo;utiliser les ressources avec parcimonie.<\/p>\n","protected":false},"excerpt":{"rendered":"<p>architecture et construction Nos cabanes dans les arbres sont construites \u00e0 partir de mat\u00e9riaux naturels. Le design, les mat\u00e9riaux et les dimensions ont \u00e9t\u00e9 adapt\u00e9s \u00e0 l&rsquo;environnement. L&rsquo;intervention dans la nature est r\u00e9duite au minimum. Les mat\u00e9riaux utilis\u00e9s proviennent majoritairement de la r\u00e9gion ou de production certifi\u00e9e.L&rsquo;\u00e9lectricit\u00e9 pour les cabanes dans les arbres provient du &hellip; <a href=\"https:\/\/micielo.es\/fr\/architecture\/\" class=\"more-link\">Continuer la lecture de <span class=\"screen-reader-text\">architecture<\/span><\/a><\/p>\n","protected":false},"author":117018168,"featured_media":0,"parent":0,"menu_order":0,"comment_status":"closed","ping_status":"closed","template":"","meta":{"_coblocks_attr":"","_coblocks_dimensions":"","_coblocks_responsive_height":"","_coblocks_accordion_ie_support":"","_crdt_document":"","advanced_seo_description":"","jetpack_seo_html_title":"","jetpack_seo_noindex":false,"footnotes":""},"class_list":["post-3868","page","type-page","status-publish","hentry"],"jetpack_likes_enabled":false,"jetpack_sharing_enabled":true,"jetpack_shortlink":"https:\/\/wp.me\/P8oH4K-10o","amp_enabled":true,"_links":{"self":[{"href":"https:\/\/micielo.es\/fr\/wp-json\/wp\/v2\/pages\/3868","targetHints":{"allow":["GET"]}}],"collection":[{"href":"https:\/\/micielo.es\/fr\/wp-json\/wp\/v2\/pages"}],"about":[{"href":"https:\/\/micielo.es\/fr\/wp-json\/wp\/v2\/types\/page"}],"author":[{"embeddable":true,"href":"https:\/\/micielo.es\/fr\/wp-json\/wp\/v2\/users\/117018168"}],"replies":[{"embeddable":true,"href":"https:\/\/micielo.es\/fr\/wp-json\/wp\/v2\/comments?post=3868"}],"version-history":[{"count":1,"href":"https:\/\/micielo.es\/fr\/wp-json\/wp\/v2\/pages\/3868\/revisions"}],"predecessor-version":[{"id":3872,"href":"https:\/\/micielo.es\/fr\/wp-json\/wp\/v2\/pages\/3868\/revisions\/3872"}],"wp:attachment":[{"href":"https:\/\/micielo.es\/fr\/wp-json\/wp\/v2\/media?parent=3868"}],"curies":[{"name":"wp","href":"https:\/\/api.w.org\/{rel}","templated":true}]}}

<p style="background-color:#ecf0a3;color:#516d03;font-size:32px;" class="has-text-color has-background wp-block-paragraph"><strong><em>architecture et construction</em></strong></p>

<p class="wp-block-paragraph"><br/>Nos cabanes dans les arbres sont construites à partir de matériaux naturels. Le design, les matériaux et les dimensions ont été adaptés à l&rsquo;environnement. L&rsquo;intervention dans la nature est réduite au minimum. </p>

<figure class="wp-block-image size-large"><img data-recalc-dims="1" loading="lazy" decoding="async" width="700" height="464" src="https://i0.wp.com/micielo.es/wp-content/uploads/2019/12/7ab05-baumhc3a4user_vorne.jpg?resize=700%2C464&#038;ssl=1" alt="" class="wp-image-1420" srcset="https://i0.wp.com/micielo.es/wp-content/uploads/2019/12/7ab05-baumhc3a4user_vorne.jpg?w=4928&amp;ssl=1 4928w, https://i0.wp.com/micielo.es/wp-content/uploads/2019/12/7ab05-baumhc3a4user_vorne.jpg?resize=300%2C199&amp;ssl=1 300w, https://i0.wp.com/micielo.es/wp-content/uploads/2019/12/7ab05-baumhc3a4user_vorne.jpg?resize=1024%2C678&amp;ssl=1 1024w, https://i0.wp.com/micielo.es/wp-content/uploads/2019/12/7ab05-baumhc3a4user_vorne.jpg?resize=768%2C509&amp;ssl=1 768w, https://i0.wp.com/micielo.es/wp-content/uploads/2019/12/7ab05-baumhc3a4user_vorne.jpg?resize=1536%2C1017&amp;ssl=1 1536w, https://i0.wp.com/micielo.es/wp-content/uploads/2019/12/7ab05-baumhc3a4user_vorne.jpg?resize=2048%2C1356&amp;ssl=1 2048w, https://i0.wp.com/micielo.es/wp-content/uploads/2019/12/7ab05-baumhc3a4user_vorne.jpg?resize=1200%2C795&amp;ssl=1 1200w, https://i0.wp.com/micielo.es/wp-content/uploads/2019/12/7ab05-baumhc3a4user_vorne.jpg?resize=1980%2C1311&amp;ssl=1 1980w, https://i0.wp.com/micielo.es/wp-content/uploads/2019/12/7ab05-baumhc3a4user_vorne.jpg?w=1400&amp;ssl=1 1400w, https://i0.wp.com/micielo.es/wp-content/uploads/2019/12/7ab05-baumhc3a4user_vorne.jpg?w=2100&amp;ssl=1 2100w" sizes="auto, (max-width: 700px) 100vw, 700px" /></figure>
<p class="wp-block-paragraph">Les matériaux utilisés proviennent majoritairement de la région ou de production certifiée.<br/>L&rsquo;électricité pour les cabanes dans les arbres provient du soleil (système photovoltaïque), de l&rsquo;eau du puits de 60 m de profondeur. L&rsquo;ensemble du projet est autonome en énergie.</p>

<figure class="wp-block-image size-large"><img data-recalc-dims="1" loading="lazy" decoding="async" width="700" height="525" src="https://i0.wp.com/micielo.es/wp-content/uploads/2019/12/2bce9-img-20191025-wa0019.jpg?resize=700%2C525&#038;ssl=1" alt="" class="wp-image-1439" srcset="https://i0.wp.com/micielo.es/wp-content/uploads/2019/12/2bce9-img-20191025-wa0019.jpg?w=1600&amp;ssl=1 1600w, https://i0.wp.com/micielo.es/wp-content/uploads/2019/12/2bce9-img-20191025-wa0019.jpg?resize=300%2C225&amp;ssl=1 300w, https://i0.wp.com/micielo.es/wp-content/uploads/2019/12/2bce9-img-20191025-wa0019.jpg?resize=1024%2C768&amp;ssl=1 1024w, https://i0.wp.com/micielo.es/wp-content/uploads/2019/12/2bce9-img-20191025-wa0019.jpg?resize=768%2C576&amp;ssl=1 768w, https://i0.wp.com/micielo.es/wp-content/uploads/2019/12/2bce9-img-20191025-wa0019.jpg?resize=1536%2C1152&amp;ssl=1 1536w, https://i0.wp.com/micielo.es/wp-content/uploads/2019/12/2bce9-img-20191025-wa0019.jpg?resize=1200%2C900&amp;ssl=1 1200w, https://i0.wp.com/micielo.es/wp-content/uploads/2019/12/2bce9-img-20191025-wa0019.jpg?resize=800%2C600&amp;ssl=1 800w, https://i0.wp.com/micielo.es/wp-content/uploads/2019/12/2bce9-img-20191025-wa0019.jpg?resize=400%2C300&amp;ssl=1 400w, https://i0.wp.com/micielo.es/wp-content/uploads/2019/12/2bce9-img-20191025-wa0019.jpg?resize=200%2C150&amp;ssl=1 200w, https://i0.wp.com/micielo.es/wp-content/uploads/2019/12/2bce9-img-20191025-wa0019.jpg?w=1400&amp;ssl=1 1400w" sizes="auto, (max-width: 700px) 100vw, 700px" /></figure>
<p class="wp-block-paragraph">Nous avons travaillé exclusivement avec des artisans locaux. Lors de l&rsquo;ameublement et de l&rsquo;ameublement, une attention particulière a été portée aux matériaux locaux et non toxiques.</p>

<p class="wp-block-paragraph">Tous les bâtiments sont étroitement liés à l&rsquo;espace extérieur, ce qui signifie que la nature environnante peut être ressentie. Des fenêtres surdimensionnées, à double vitrage et sans peinture assurent un meilleur échange d&rsquo;air dans les pièces.</p>

<p class="wp-block-paragraph">Un objectif important de miCielo est d&rsquo;économiser de l&rsquo;énergie et d&rsquo;utiliser les ressources avec parcimonie.</p>

<p>architecture et construction Nos cabanes dans les arbres sont construites à partir de matériaux naturels. Le design, les matériaux et les dimensions ont été adaptés à l&rsquo;environnement. L&rsquo;intervention dans la nature est réduite au minimum. Les matériaux utilisés proviennent majoritairement de la région ou de production certifiée.L&rsquo;électricité pour les cabanes dans les arbres provient du &hellip; <a href="https://micielo.es/fr/architecture/" class="more-link">Continuer la lecture de <span class="screen-reader-text">architecture</span></a></p>
